?
False
Suppose 5*w - 225 = 160. Does 20 divide w?
False
Suppose 0 = -5*y, 3*d + y = 3*y + 12. Let q(v) = 11*v + 5. Is 16 a factor of q(d)?
False
Let h(o) = 2*o + 93. Let j be h(0). Let t = j - 53. Does 8 divide t?
True
Let z be (-1 + 2 - -4)*28. Let r(o) = o**2 - 23*o + 26. Let k be r(22). Suppose -k*i + z = -0*i. Is 10 a factor of i?
False
Let b(u) = -16*u + 7. Is b(-8) a multiple of 45?
True
Let y = 305 + -209. Does 12 divide y?
True
Let l = -17 - -14. Let r = 7 + l. Does 4 divide r?
True
Suppose -61 = -v - 2*f, -5*v + 4*v - 3*f + 62 = 0. Does 12 divide v?
False
Let p(g) = 6 + 0*g + 3*g - 4*g. Let m be p(6). Suppose 4*t + 4*n - 124 = 2*n, t + 4*n - 38 = m. Does 15 divide t?
True
Let k = -11 - -16. Suppose -k*h - y = 3*y - 191, -3*y - 159 = -4*h. Is h a multiple of 8?
False
Let w(i) = 4*i + 10. Let u(l) = -2*l - 5. Let c(b) = 11*u(b) + 6*w(b). Is 8 a factor of c(6)?
False
Let f be 97 + (3 - 3 - -3). Suppose 0*b = 5*b - f. Does 8 divide b?
False
Let p(c) = 8*c - 3 + c**2 + 0*c**2 + 2. Let k be p(-8). Let y = k - -5. Is 2 a factor of y?
True
Suppose k - 16 = -8. Is 8 a factor of k?
True
Suppose 0*o - 3*o - 18 = 0. Let b(d) = 2 - 6*d + 1 - 3. Is b(o) a multiple of 18?
True
Let h(v) = -10*v + 29. Let m(p) = -5*p + 14. Let j(n) = 2*h(n) - 5*m(n). Does 6 divide j(6)?
True
Let q(h) = 2*h + 4. Does 14 divide q(5)?
True
Suppose 3*v - 26 = -0*v - 2*t, 2*t + 70 = 5*v. Let m(j) = -j**3 + 13*j**2 - 8*j - 12. Does 18 divide m(v)?
True
Let o = -37 - -73. Suppose 4 = 4*g - o. Is 5 a factor of g?
True
Let b(c) = -c**3 - 9*c**2 - 9*c - 10. Let v be b(-8). Is 9 a factor of 1*v - (-12 - 0)?
False
Let s be (-18)/8 - 2/(-8). Let a(y) = -7*y**3 + 2*y**2. Let f be a(s). Suppose -5*x + f = -x. Does 9 divide x?
False
Suppose -p - 5*u - 23 + 7 = 0, -4*u = 4*p. Let q be (319 - p) + 2/(-1). Does 17 divide q/9 - (-6)/27?
False
Let o(y) = 4*y + 3. Suppose -2*t = -3*t + 8. Does 25 divide o(t)?
False
Suppose -5*z - 10 = 5*c - 265, -5*z = -3*c - 279. Does 54 divide z?
True
Let b be (2/8)/((-2)/(-16)). Let y = -2 + b. Is 12 a factor of 24/(y - 3/(-3))?
True
Let z = 10 + -11. Let f = 28 + z. Does 27 divide f?
True
Let k(w) be the first derivative of -w**2 - 7*w - 2. Does 3 divide k(-7)?
False
Suppose 4*i = -3*l + 2*i + 42, i = 3. Let z be (-10)/25 - 26/10. Let g = z + l. Does 9 divide g?
True
Suppose 9*r - 832 = -238. Does 7 divide r?
False
Let l = 102 - 67. Let k(d) = d**3 + 5. Let r be k(0). Suppose -5*o - r*x = -l, 6*o - o = -2*x + 41. Does 9 divide o?
True
Let b(y) = -y**2 + 3*y + 2. Let z be b(3). Suppose -18 = -z*w + 14. Suppose 0*v = 2*v - w. Is v a multiple of 8?
True
Let g(i) = i**3 - 11*i**2 + 11*i - 5. Let a be g(10). Let b(r) = 4*r - 1. Is 7 a factor of b(a)?
False
Is 4 a factor of (-850)/(-119) + 1/(-7)?
False
Let w(n) = n**2. Let d be w(0). Let r = d - 3. Let m(g) = -2*g**3 - 3*g**2 - 5*g - 2. Is m(r) a multiple of 20?
True
Let b(g) = 2*g**2 + 7*g + 2. Let o(t) = -3*t + 6. Let q be o(4). Is 11 a factor of b(q)?
False
Let k = -70 - -42. Let i = 19 - k. Is i a multiple of 15?
False
Let y(v) be the third derivative of -4/3*v**3 - v**2 - 5/24*v**4 + 0 + 0*v. Does 14 divide y(-6)?
False
Suppose 2*q - 81 = 47. Does 16 divide q?
True
Let n be (4 - 2) + (-1)/(-1). Suppose 0 = -n*a - 0*a - 12. Let y = a - -7. Is y a multiple of 3?
True
Let f(o) = 4*o - 3. Let v(i) = 5*i - 3. Let a(y) = -6*f(y) + 5*v(y). Does 2 divide a(0)?
False
Let y(o) = 18*o**2 - 1. Let k = -2 + 4. Let j be k/8 - 5/4. Is y(j) a multiple of 8?
False
Suppose 4*v - 16 = -0*v. Suppose -p + 205 = v*p - 3*h, 2*h = 0. Does 7 divide p?
False
Let t = 24 - 8. Is 2 a factor of t?
True
Let j(l) = -l - 1. Let n be j(-6). Let z be 2/n - (-257)/(-5). Let a = z - -75. Does 12 divide a?
True
Let q = -12 + 9. Let h = q + 79. Does 16 divide h?
False
Let s(n) = -7*n - 17. Does 32 divide s(-19)?
False
Let l = 238 - 138. Does 20 divide l?
True
Let o = 57 - 22. Is o a multiple of 11?
False
Suppose 46 = 4*y - 270. Suppose -2*h + 8*h + 204 = 0. Let k = y + h. Is 18 a factor of k?
False
Let v(a) = a**3 - 6*a**2 + 3*a + 2. Suppose u - 4 = 1. Let f be v(u). Let w = 7 - f. Does 7 divide w?
False
Suppose 0 = 5*n - n - 60. Suppose 2*p + 0*f + 4*f - 20 = 0, -3*f = -p - n. Suppose 0 = 4*d + 3*m - 64, p*m - 80 = -5*d + 3*m. Is 8 a factor of d?
True
Let z(q) = -q**3 + 5*q**2 - q + 1. Suppose -5*y - 20 = 0, 3*t - 4*y = 7*t - 24. Suppose 4*r = -r + t. Is 7 a factor of z(r)?
False
Suppose -w + 108 = -0. Does 18 divide w?
True
Let h = 1 + 27. Is h a multiple of 11?
False
Is 6 a factor of (6 - -5)/(2/4)?
False
Let b be (-21)/(-1)*(-1)/(-1). Let d = b - -22. Is d a multiple of 16?
False
Suppose -290 = -2*p - 5*o, -606 = -4*p + 2*o + o. Is 5 a factor of p?
True
Suppose -4*w = -4, -5*w + 3*w - 646 = -2*s. Suppose 4*r + 60 = l, 5*l = -0*l - 4*r + s. Does 27 divide l?
False
Let o(j) = -j - 1. Let a be o(-1). Let r = a + 2. Suppose r*i = -2*b + b + 39, -4*b = -3*i + 64. Does 14 divide i?
False
Suppose -2*z - 3*z = -10. Suppose 0 = -z*q + 4*a + 26 - 6, 2*a = -8. Suppose -q = -2*g + 16. Is g a multiple of 4?
False
Suppose 0 = -3*h - b - 87, b + 2*b = -h - 37. Is 214/8 + (-7)/h a multiple of 27?
True
Let u = 1 + 187. Suppose -3*a - a = -u. Let v = a + -25. Is v a multiple of 8?
False
Let w = 13 - -17. Let s = w + -18. Suppose -s = -3*k + 18. Is 10 a factor of k?
True
Let a = 7 - 13. Let u = 10 + a. Let n(p) = -p**2 + 6*p + 5. Is n(u) a multiple of 6?
False
Let c(i) = i**3 + 12*i**2 + 6*i - 12. Let q be (-140)/12 - (-4)/6. Is 11 a factor of c(q)?
False
Suppose 53 = 3*l - 52. Does 10 divide 4/(-14) + 1760/l?
True
Suppose -3*y = -7*y + 224. Is 33 a factor of y?
False
Suppose 0 = -r + 3*r - 24. Is r a multiple of 6?
True
Let l = 6 - 2. Suppose 0 = l*x - 0*x - 144. Is x a multiple of 12?
True
Let l(k) = -3*k - 35. Let s(q) = 8*q + 105. Let t be (-6)/(-9)*(-1 - -7). Let z(w) = t*s(w) + 11*l(w). Is z(0) a multiple of 12?
False
Let v = 88 + -22. Is 11 a factor of v?
True
Suppose -2*o = 0, 0 = 3*i + 2*i + 3*o - 140. Does 7 divide i?
True
Suppose -20 = -6*g + g. Suppose -d - 2*m = -2, -3*m - 47 - 5 = -g*d. Is 10 a factor of d?
True
Let a(r) = -r**2 + 6*r - 5. Let v be a(6). Let i(k) be the second derivative of k**4/6 + k**3/2 - 3*k**2/2 + 2*k. Is i(v) a multiple of 16?
True
Let v = 7 - -6. Let j = v + 1. Is j a multiple of 14?
True
Suppose -4*a + 2 = 142. Let w = a + 63. Does 14 divide w?
True
Let t = 151 - 109. Is 3 a factor of t?
True
Let d be (3 - (-1 - -2)) + 6. Suppose -d = 2*g, -3*n + 3*g + g + 190 = 0. Is 12 a factor of n?
False
Suppose -5*d = -0*o + 4*o - 170, -3*d + 126 = 3*o. Does 8 divide o?
True
Let v(b) = b**3 - 12*b**2 + 13*b + 14. Let s be v(11). Let m = 50 - s. Is 14 a factor of m?
True
Let w(y) = -y**2 + 7*y - 5. Let s be w(4). Let o = s - 8. Let g(x) = 44*x**2 + 1. Is g(o) a multiple of 15?
True
Let a be 2*(-9)/6 - -33. Is (15/2)/(a/80) a multiple of 10?
True
Let l = 26 - 26. Does 8 divide 5*3 - (-2 + l)?
False
Suppose p - 4*r - 73 = 0, 4*p = -p + 3*r + 331. Let s = -23 + p. Is 21 a factor of s?
True
Suppose 3*t - 362 + 14 = 0. Does 20 divide t?
False
Let x be (-24)/(-15) - 4/(-10). Suppose -5*o = -x*o - 18. Suppose 0 = -o*v + v + 70. Is 14 a factor of v?
True
Let j(p) = 0*p + 5*p + p**2 - 4*p. Does 20 divide j(-7)?
False
Is 5 a factor of 581/21 - 2/3?
False
Suppose 2*h = -2*b - 6, 4*h - 8*h = -3*b + 12. Is (-8)/6*h/2 a multiple of 2?
True
Let f(k) = -k**3 - 3*k**2 - 4*k - 2. Let c be f(-2). Suppose 0*s - 23 = -u - c*s, -2*s = -u + 3. Does 7 divide u?
False
Let g be 2/9 + 4130/45. Let t = g + -65. Let f = 49 - t. Does 11 divide f?
True
Let k = 18 - 7. Is 2 a factor of k?
False
Let r(s) = 29*s - 1. Let z(h) be the second derivative of -h**5/20 - 2*h**4/3 - 7*h**3/6 + h**2/2 - 2*h. Let g be z(-7). Does 12 divide r(g)?
False
Let t be (-66)/4*(-8)/(-6). Is 23 a factor of 1/(t/23 + 1)?
True
Suppose 4*d - 104 = -2*v, 0*v - 3*d - 186 = -4*v. Does 20 divide v?
False
Suppose 234 = -6*b + 9*b. Does 26 divide b?
True
Let g = -57 - -63. Is g a multiple of 2?
True
Let k = -14 + 9. Let w(m) = -5*m + 7. Let u be w(k). Suppose 0 = -0*n + 4*n - u. Is n a multiple of 4?
True
Suppose 0 = -11*c + 7*c + 620. Is c a multiple of 13?
False
Let i be 2/4 - 540/(-8). Suppose 2*v - 3*s + 15 = 51, -4*v + 4*s = -i. Is 9 a factor of v?
False
Let x(c) = 5*c + 5. Let o(